ors of 2060.
2, 5, 103
List the prime factors of 10176.
2, 3, 53
What are the prime factors of 1164?
2, 3, 97
What are the prime factors of 6868?
2, 17, 101
What are the prime factors of 18628?
2, 4657
List the prime factors of 147.
3, 7
What are the prime factors of 6414?
2, 3, 1069
List the prime factors of 63127.
63127
List the prime factors of 1265.
5, 11, 23
What are the prime factors of 23565?
3, 5, 1571
What are the prime factors of 955?
5, 191
What are the prime factors of 33877?
19, 1783
List the prime factors of 5800.
2, 5, 29
List the prime factors of 1429.
1429
What are the prime factors of 3901?
47, 83
List the prime factors of 33695.
5, 23, 293
List the prime factors of 46341.
3, 19, 271
List the prime factors of 52454.
2, 26227
List the prime factors of 29062.
2, 11, 1321
List the prime factors of 128.
2
List the prime factors of 28.
2, 7
List the prime factors of 37.
37
List the prime factors of 75445.
5, 79, 191
List the prime factors of 1864.
2, 233
What are the prime factors of 37954?
2, 7, 2711
List the prime factors of 154350.
2, 3, 5, 7
What are the prime factors of 33483?
3, 11161
List the prime factors of 31622.
2, 97, 163
List the prime factors of 5319.
3, 197
What are the prime factors of 9277?
9277
List the prime factors of 203.
7, 29
List the prime factors of 654.
2, 3, 109
What are the prime factors of 184722?
2, 3, 17, 1811
List the prime factors of 1349.
19, 71
List the prime factors of 24268.
2, 6067
List the prime factors of 2936.
2, 367
List the prime factors of 18561.
3, 23, 269
List the prime factors of 316.
2, 79
List the prime factors of 12097.
12097
What are the prime factors of 32033?
103, 311
List the prime factors of 10985.
5, 13
List the prime factors of 7600.
2, 5, 19
List the prime factors of 1785.
3, 5, 7, 17
What are the prime factors of 70458?
2, 3, 11743
What are the prime factors of 6714?
2, 3, 373
List the prime factors of 9507.
3, 3169
List the prime factors of 1920.
2, 3, 5
List the prime factors of 14793.
3, 4931
List the prime factors of 1066.
2, 13, 41
What are the prime factors of 15898?
2, 7949
What are the prime factors of 83053?
23, 157
List the prime factors of 33572.
2, 7, 11, 109
What are the prime factors of 62997?
3, 11, 23, 83
What are the prime factors of 1730?
2, 5, 173
What are the prime factors of 21947?
17, 1291
What are the prime factors of 2338?
2, 7, 167
What are the prime factors of 1087?
1087
What are the prime factors of 38955?
3, 5, 7, 53
List the prime factors of 75490.
2, 5, 7549
List the prime factors of 89386.
2, 11, 17, 239
What are the prime factors of 30514?
2, 11, 19, 73
List the prime factors of 41908.
2, 10477
List the prime factors of 657.
3, 73
What are the prime factors of 48510?
2, 3, 5, 7, 11
What are the prime factors of 7429?
17, 19, 23
List the prime factors of 4599.
3, 7, 73
What are the prime factors of 34844?
2, 31, 281
What are the prime factors of 4614?
2, 3, 769
What are the prime factors of 244?
2, 61
What are the prime factors of 1528?
2, 191
List the prime factors of 86132.
2, 61, 353
What are the prime factors of 1165?
5, 233
List the prime factors of 1730.
2, 5, 173
What are the prime factors of 553?
7, 79
What are the prime factors of 503?
503
List the prime factors of 2067.
3, 13, 53
List the prime factors of 9636.
2, 3, 11, 73
What are the prime factors of 3360?
2, 3, 5, 7
List the prime factors of 733.
733
List the prime factors of 78768.
2, 3, 547
List the prime factors of 135813.
3, 17, 2663
What are the prime factors of 5323?
5323
What are the prime factors of 32257?
32257
List the prime factors of 215.
5, 43
List the prime factors of 4742.
2, 2371
What are the prime factors of 18967?
13, 1459
List the prime factors of 5198.
2, 23, 113
List the prime factors of 25223.
11, 2293
What are the prime factors of 3452?
2, 863
What are the prime factors of 2534?
2, 7, 181
List the prime factors of 537.
3, 179
List the prime factors of 1304.
2, 163
List the prime factors of 1275.
3, 5, 17
List the prime factors of 2469.
3, 823
What are the prime factors of 23699?
13, 1823
What are the prime factors of 44669?
19, 2351
List the prime factors of 7823.
7823
What are the prime factors of 6362?
2, 3181
List the prime factors of 54128.
2, 17, 199
What are the prime factors of 48427?
79, 613
List the prime factors of 1253.
7, 179
List the prime factors of 1294.
2, 647
List the prime factors of 2988.
2, 3, 83
What are the prime factors of 783?
3, 29
List the prime factors of 1340.
2, 5, 67
What are the prime factors of 926?
2, 463
What are the prime factors of 30058?
2, 7, 19, 113
List the prime factors of 1844.
2, 461
List the prime factors of 32843.
32843
List the prime factors of 3962.
2, 7, 283
What are the prime factors of 669?
3, 223
List the prime factors of 20206.
2, 10103
List the prime factors of 3811.
37, 103
List the prime factors of 10819.
31, 349
What are the prime factors of 3185?
5, 7, 13
List the prime factors of 3547.
3547
List the prime factors of 14585.
5, 2917
List the prime factors of 2465.
5, 17, 29
List the prime factors of 28391.
11, 29, 89
List the prime factors of 17320.
2, 5, 433
What are the prime factors of 12082?
2, 7, 863
What are the prime factors of 116407?
59, 1973
What are the prime factors of 502?
2, 251
List the prime factors of 2587.
13, 199
List the prime factors of 721.
7, 103
List the prime factors of 6764.
2, 19, 89
What are the prime factors of 47466?
2, 3, 293
What are the prime factors of 3596?
2, 29, 31
What are the prime factors of 1953?
3, 7, 31
List the prime factors of 3515.
5, 19, 37
What are the prime factors of 7026?
2, 3, 1171
What are the prime factors of 66030?
2, 3, 5, 31, 71
List the prime factors of 1969.
11, 179
List the prime factors of 3824.
2, 239
List the prime factors of 53234.
2, 43, 619
List the prime factors of 676.
2, 13
List the prime factors of 14392.
2, 7, 257
What are the prime factors of 9466?
2, 4733
List the prime factors of 52876.
2, 13219
What are the prime factors of 23487?
3, 7829
What are the prime factors of 43442?
2, 7, 29, 107
List the prime factors of 29896.
2, 37, 101
List the prime factors of 19075.
5, 7, 109
List the prime factors of 763.
7, 109
What are the prime factors of 7073?
11, 643
What are the prime factors of 15260?
2, 5, 7, 109
What are the prime factors of 2863?
7, 409
What are the prime factors of 30166?
2, 15083
What are the prime factors of 2895?
3, 5, 193
List the prime factors of 39210.
2, 3, 5, 1307
What are the prime factors of 26717?
26717
What are the prime factors of 99812?
2, 24953
List the prime factors of 19550.
2, 5, 17, 23
What are the prime factors of 34241?
97, 353
List the prime factors of 6884.
2, 1721
List the prime factors of 1059.
3, 353
What are the prime factors of 7001?
7001
List the prime factors of 318.
2, 3, 53
What are the prime factors of 7114?
2, 3557
List the prime factors of 9709.
7, 19, 73
List the prime factors of 7293.
3, 11, 13, 17
What are the prime factors of 7526?
2, 53, 71
What are the prime factors of 10618?
2, 5309
List the prime factors of 61009.
13, 19
List the prime factors of 5.
5
List the prime factors of 8338.
2, 11, 379
What are the prime factors of 101326?
2, 29, 1747
What are the prime factors of 229?
229
What are the prime factors of 29681?
67, 443
List the prime factors of 300.
2, 3, 5
List the prime factors of 11500.
2, 5, 23
List the prime factors of 80486.
2, 7, 5749
What are the prime factors of 1135?
5, 227
What are the prime factors of 79725?
3, 5, 1063
What are the prime factors of 5180?
2, 5, 7, 37
List the prime factors of 10732.
2, 2683
What are the prime factors of 16?
2
List the prime factors of 19741.
19, 1039
What are the prime factors of 27353?
17, 1609
List the prime factors of 545.
5, 109
List the prime factors of 126901.
19, 6679
What are the prime factors of 5000?
2, 5
What are the prime factors of 541?
541
What are the prime factors of 6527?
61, 107
What are the prime factors of 57642?
2, 3, 13, 739
List the prime factors of 245.
5, 7
List the prime factors of 9314.
2, 4657
List the prime factors of 564.
2, 3, 47
List the prime factors of 1768.
2, 13, 17
List the prime factors of 17968.
2, 1123
List the prime factors of 47366.
2, 11, 2153
List the prime factors of 4235.
5, 